+ 258. Let j be -1*(4 - 3)*0/(-1). What is the tens digit of h(j)?
5
Let t(r) = -82*r**3 + 6*r**2 + 15*r - 26. What is the tens digit of t(-7)?
8
Let l = 615 - -4726. What is the units digit of l?
1
Let r = -2834 - -21300. What is the hundreds digit of r?
4
Suppose k - 1375 = 2*c - 3646, -2*c + 2291 = -5*k. Suppose 0 = -5*n + c + 157. What is the tens digit of n?
5
Let s(v) = -4*v**3 - 14*v**2 - 60*v - 467. What is the ten thousands digit of s(-20)?
2
Let q be 3/(6/(-8)) + -4. Let y be 1*2/4*(q + 354). Suppose y = 3*k + 17. What is the units digit of k?
2
Let i = 17014 - 9773. What is the tens digit of i?
4
Let p(y) = 5*y**2 - 16*y + 9. Let o(z) = -z - 1. Let g(q) = o(q) + p(q). What is the units digit of g(-5)?
8
Suppose 0 = 11*w + 1357 - 4635. Let p = w - -70. What is the units digit of p?
8
Let s(t) = -t + 5. Let k(m) = m - 5. Let w(u) = 3*k(u) + 4*s(u). Let a be w(3). Suppose 3 = -5*g - a*h + 35, 23 = 3*g + 5*h. What is the units digit of g?
6
Let r(k) = -10*k - 79 + 3*k**2 - 18*k + 2*k - k**2 + 0*k. What is the units digit of r(25)?
1
Suppose 11738 = -23*m + 29425. Suppose -735 = -4*c - 4*w + m, 0 = -3*c + w + 1120. What is the tens digit of c?
7
Suppose 0 = -21*l - 5805 + 34281. Let w = l + -624. What is the units digit of w?
2
Suppose -370*s + 1320073 = -291*s + 108608. What is the thousands digit of s?
5
Let a(s) be the third derivative of -s**4/24 + 37*s**3/6 + s**2. Let w = 2169 - 2189. What is the units digit of a(w)?
7
Suppose 0*t - 3*t = t. Suppose t = 2*q + 5*a - 2*a - 689, -q - 2*a + 342 = 0. What is the units digit of q?
2
Suppose 0*g = -2*g. Suppose -2*m - 213 = -5*o, 87 + 116 = -2*m - 5*o. Let q = g - m. What is the hundreds digit of q?
1
Suppose 0 = 2*s - 590 - 38. Let v = -223 + s. Let m = v + -53. What is the units digit of m?
8
Let t(h) = 471*h - 5. Let k be t(18). Suppose -31*d + 35361 = -k. What is the tens digit of d?
1
Suppose -3*i + 119133 = -4*s, -2*s - 79420 = -53*i + 51*i. What is the ten thousands digit of i?
3
Suppose -3 = h, 4*h = -5*a + 75 - 2. Suppose -17816 + 2992 = -a*y. What is the units digit of y?
2
Let x be (-50)/175 + 10/(-14) + 1. Suppose x*z - 3*d + 306 = 2*z, -3*d - 612 = -4*z. What is the tens digit of z?
5
Let t be -9*(46/(-18) - -2). Suppose 0 = -2*n + 5*p + 268, 143 - 9 = n - t*p. What is the units digit of n?
4
Let b(v) = -373*v + 122 + 771*v - 381*v. What is the hundreds digit of b(23)?
5
Suppose 5*d + 10 = 0, 3*w - 35*d - 3559 = -30*d. What is the hundreds digit of w?
1
Suppose r + 0*x - 592 = 3*x, 2*r = 5*x + 1179. Suppose 0 = -p + 3*j + r, -2227 - 129 = -4*p - 4*j. What is the hundreds digit of p?
5
Let f = 26744 - -7239. What is the thousands digit of f?
3
Let x(i) = -i**2 + i. Let y(o) = 2*o**2 - 5*o + 26. Let u(a) = -5*x(a) - y(a). What is the units digit of u(-5)?
9
Let c be (-3 - (12 - 6)/6) + 1. Let k(q) = 84*q**2 - 7*q - 8. What is the hundreds digit of k(c)?
7
Let h(t) = t**2 - 54*t + 42604. What is the hundreds digit of h(0)?
6
Let d = -84 - -116. Let g be (-146)/(-30) + (d/60)/4. Suppose -9*i + 3*l = -7*i - 77, -186 = -g*i + l. What is the tens digit of i?
3
Suppose -7 = -2*b - 27. What is the units digit of ((-12)/2)/(6/b)?
0
Let b be (20/8)/(-3 - (-85)/20). Suppose -5*v - 13*z + 355 = -16*z, 10 = b*z. What is the tens digit of v?
7
Let s(k) = 5*k**2 + 32*k - 457. What is the tens digit of s(30)?
0
Suppose -36*x + 306946 - 65170 = 0. What is the thousands digit of x?
6
Let j(r) = r**3 - 7*r**2 - r + 9. Let n be j(7). Suppose -n*v + 31 = -263. Suppose 28*t + v = 31*t. What is the units digit of t?
9
What is the tens digit of ((-16)/2 - (15 - (-1 - -25)))*70002?
0
Suppose 21*r = 12*r + 5895. Suppose 3*x + r = 4*d + 66, 0 = 5*d - 4*x - 736. What is the hundreds digit of d?
1
Let f(r) = -r**2 - 6*r - 10. Let j be f(-7). What is the tens digit of (-33*1)/(j - -16)?
3
Suppose 5*j + 5968 - 14121 = 17767. What is the units digit of j?
4
Suppose 18*b + 68 = 20*b. Suppose 1508 = 38*a - b*a. What is the hundreds digit of a?
3
Let h(z) = -11*z + 4. Let a be h(0). Suppose 0 = -2*d - 3*c + 610 + 499, 2*d - a*c = 1102. What is the hundreds digit of d?
5
Let u = -24877 + 61290. What is the hundreds digit of u?
4
Let j(f) = 2*f**3 - f**2 - 3*f + 24. Let v be j(4). Let b = v + 486. What is the units digit of b?
0
Suppose 2*j - 196740 = -84972. What is the ten thousands digit of j?
5
Let g(i) = i**2 + 3*i - 3. Let s be 4 - (10 - (0 - -1)). Let o be g(s). What is the units digit of 2/(o/((-854)/(-4)))?
1
Let b = -1852 - -3058. Suppose -64*f + b = -61*f. What is the units digit of f?
2
Let f = -40 + 40. Suppose r - 3*r - 2*n = -6, f = 2*r - 3*n - 1. What is the tens digit of 54 - 0 - r/1?
5
Suppose 5*g - g - 4362 = -2*c, -4387 = -4*g + 3*c. Suppose 0 = 7*b - g + 127. What is the hundreds digit of b?
1
Let u(d) = -d**2 - 24*d - 13. Suppose 4*k + 11 = -3*b, 8*k - 3*k + 10 = 0. Let w be (b + 0 + 11)/(-1). What is the hundreds digit of u(w)?
1
Let l = -150076 + 217785. What is the units digit of l?
9
Suppose -h = 4*q - 162 - 116, 3*q + 5*h - 200 = 0. Let o = q - -152. What is the units digit of o?
2
Suppose -76*n = -71*n + 45, -2*u + 126992 = -2*n. What is the tens digit of u?
8
Suppose -q + 2*b + 7 = -b, 4*b = -5*q + 54. What is the hundreds digit of 4/q + 82*184/80?
1
Let j be (-590)/(-15)*(-6)/4*-3. Suppose 219*o = 218*o + j. What is the hundreds digit of o?
1
Let z = -348 - -496. Let c = z + -39. What is the tens digit of c?
0
Let h be (4 - (0 + 4)) + 49. Let r = 55 - h. What is the tens digit of -2 - (-165 + r + 1 + -4)?
6
Let u be (-3 - -1)*(3 + -8). Let d(p) = -p**2 + 10*p + 3. Let k be d(u). Suppose 3*r - k*v - 48 = -0, -r = -2*v - 21. What is the tens digit of r?
1
Let d be (-7772)/(-7) + (-120)/(-168). Suppose -4*v + 859 = t, 1398 = 3*t - 5*v - d. What is the units digit of t?
3
Let g(p) = -4907*p - 885. What is the hundreds digit of g(-1)?
0
Suppose -39*f + 202 - 46 = 0. Let m be (-665)/(-1)*(-2)/(-2). Suppose 0 = f*r + 13 - m. What is the tens digit of r?
6
Let t = -33605 + 76055. What is the tens digit of t?
5
Let x be 4 - (-4 + 3 + -5414). Suppose 1969 - x = -5*u. What is the units digit of u?
0
Let d(b) = 2*b - 1. Let a(y) = -68*y - 4. Let r(z) = -2*a(z) + 10*d(z). What is the tens digit of r(2)?
1
Let a = 84 + -80. Suppose -843 = -a*r + 313. What is the tens digit of r?
8
Let a = 349 + -298. Suppose 1776 = -a*h + 63*h. What is the tens digit of h?
4
Let q(k) = -k + 6. Let n be q(4). Suppose 2*u - 58 = 5*z, -5*z - 22 = -3*z - n*u. What is the tens digit of 123 - (-3 - (-8)/z*-3)?
2
Let s(u) = -124*u**3 - 7*u**2 - 172*u - 18. What is the thousands digit of s(-7)?
3
Suppose -a = -2*z + 3181, 4*z - 4*a = -9*a + 6341. Suppose -2*y + 5*g = -z, g - 2341 = -3*y - 0*y. What is the tens digit of y?
8
Suppose m + 500 = 52. What is the hundreds digit of ((-383)/4)/(28/m)?
5
Suppose 12 = 4*r + 2*r. Suppose 2*l - h - 992 = 3*h, 977 = r*l - h. Suppose 11*c - 2*c = l. What is the units digit of c?
4
Suppose 3*b - 11*n - 130753 = -10*n, -2*b + 87186 = -5*n. What is the tens digit of b?
8
Suppose -4*n + 31712 = -j, -25*n + 23*n = 5*j - 15834. What is the hundreds digit of n?
9
Suppose 5*u - 1435 = 5*r, 10*r - 1133 = 14*r - u. Let n(t) = -t**3 + 3*t**2 - 2*t + 2. Let y be n(2). What is the units digit of -3 - r/(y - -1)?
1
Suppose -3*c + 5*m = 313, -c = -3*c - 2*m - 182. Let r = 211 - c. What is the hundreds digit of r?
3
Suppose 5*o + 129*w - 6983 = 126*w, 5*o + 2*w = 6982. What is the tens digit of o?
9
Suppose -4*l = -3*h - 1062, -12*l + 4*h + 3621 = 465. What is the tens digit of l?
6
Let h = -1888 - -1890. Let g = -34 - -58. Suppose -g = -4*y + h*x, -3*y - 3*x + 18 = x. What is the units digit of y?
6
Let h(p) = 75*p - 594. Let v(a) = -18*a + 149. Let c(g) = 2*h(g) + 9*v(g). What is the tens digit of c(-16)?
4
Let s(i) be the third derivative of 0 + 0*i + 2/3*i**3 + 24*i**2 + 0*i**4 - 1/120*i**6 + 7/60*i**5. What is the tens digit of s(-3)?
9
Suppose -10*t = 178*b - 174*b - 189232, 0 = 3*b - 5*t - 141999. What is the ten thousands digit of b?
4
Let r(x) = 24*x + 79. Let b be r(-3). Suppose b*a = -6*a + 3952. What is the tens digit of a?
0
Suppose u - 3*x + 201 = 0, -251 = 2*u - 2*x + 155. Let s be (69/(-12) + 4)*u. Suppose -3*t = -10*t + s. What is the units digit of t?
1
Let l = 73638 - 16580. Wh